{"id":8747,"date":"2023-05-29T08:08:48","date_gmt":"2023-05-29T08:08:48","guid":{"rendered":"https:\/\/skraidanciosausytes.lt\/?page_id=8747"},"modified":"2024-08-21T09:09:35","modified_gmt":"2024-08-21T09:09:35","slug":"kuba","status":"publish","type":"page","link":"https:\/\/skraidanciosausytes.lt\/index.php\/musu-sunys\/kuba\/","title":{"rendered":"Austral\u0173 avigan\u0117 KUBA\u200b"},"content":{"rendered":"\t\t<div data-elementor-type=\"wp-page\" data-elementor-id=\"8747\" class=\"elementor elementor-8747\">\n\t\t\t\t<div class=\"elementor-element elementor-element-2f045b4 e-con-full e-flex e-con e-parent\" data-id=\"2f045b4\" data-element_type=\"container\" data-settings=\"{&quot;content_width&quot;:&quot;full&quot;,&quot;background_background&quot;:&quot;classic&quot;}\" data-core-v316-plus=\"true\">\n\t\t\t\t<\/div>\n\t\t<div class=\"elementor-element elementor-element-40e0559 e-flex e-con-boxed e-con e-parent\" data-id=\"40e0559\" data-element_type=\"container\" data-settings=\"{&quot;content_width&quot;:&quot;boxed&quot;}\" data-core-v316-plus=\"true\">\n\t\t\t\t\t<div class=\"e-con-inner\">\n\t\t\t\t<div class=\"elementor-element elementor-element-ce9d131 elementor-widget elementor-widget-heading\" data-id=\"ce9d131\" data-element_type=\"widget\" data-widget_type=\"heading.default\">\n\t\t\t\t<div class=\"elementor-widget-container\">\n\t\t\t<style>\/*! elementor - v3.19.0 - 07-02-2024 *\/\n.elementor-heading-title{padding:0;margin:0;line-height:1}.elementor-widget-heading .elementor-heading-title[class*=elementor-size-]>a{color:inherit;font-size:inherit;line-height:inherit}.elementor-widget-heading .elementor-heading-title.elementor-size-small{font-size:15px}.elementor-widget-heading .elementor-heading-title.elementor-size-medium{font-size:19px}.elementor-widget-heading .elementor-heading-title.elementor-size-large{font-size:29px}.elementor-widget-heading .elementor-heading-title.elementor-size-xl{font-size:39px}.elementor-widget-heading .elementor-heading-title.elementor-size-xxl{font-size:59px}<\/style><h1 class=\"elementor-heading-title elementor-size-default\">Austral\u0173 avigan\u0117 KUBA<\/h1>\t\t<\/div>\n\t\t\t\t<\/div>\n\t\t\t\t\t<\/div>\n\t\t\t\t<\/div>\n\t\t<div class=\"elementor-element elementor-element-4bcc2fa e-flex e-con-boxed e-con e-parent\" data-id=\"4bcc2fa\" data-element_type=\"container\" data-settings=\"{&quot;content_width&quot;:&quot;boxed&quot;}\" data-core-v316-plus=\"true\">\n\t\t\t\t\t<div class=\"e-con-inner\">\n\t\t<div class=\"elementor-element elementor-element-ca1c0d3 e-con-full e-flex e-con e-child\" data-id=\"ca1c0d3\" data-element_type=\"container\" data-settings=\"{&quot;content_width&quot;:&quot;full&quot;}\">\n\t\t\t\t<div class=\"elementor-element elementor-element-ae7b6ad elementor-widget elementor-widget-text-editor\" data-id=\"ae7b6ad\" data-element_type=\"widget\" data-widget_type=\"text-editor.default\">\n\t\t\t\t<div class=\"elementor-widget-container\">\n\t\t\t<style>\/*! elementor - v3.19.0 - 07-02-2024 *\/\n.elementor-widget-text-editor.elementor-drop-cap-view-stacked .elementor-drop-cap{background-color:#69727d;color:#fff}.elementor-widget-text-editor.elementor-drop-cap-view-framed .elementor-drop-cap{color:#69727d;border:3px solid;background-color:transparent}.elementor-widget-text-editor:not(.elementor-drop-cap-view-default) .elementor-drop-cap{margin-top:8px}.elementor-widget-text-editor:not(.elementor-drop-cap-view-default) .elementor-drop-cap-letter{width:1em;height:1em}.elementor-widget-text-editor .elementor-drop-cap{float:left;text-align:center;line-height:1;font-size:50px}.elementor-widget-text-editor .elementor-drop-cap-letter{display:inline-block}<\/style>\t\t\t\t<p><strong>Gimimo data:<\/strong>&nbsp;2014-03-15<\/p>\n<p><strong>Spalva:<\/strong>&nbsp;M\u0117lyno marmuro<\/p>\n<p><strong>Registracijos numeris:<\/strong>&nbsp;L\u0160VK 0153\/14<\/p>\n<p><strong>T\u0117vas:<\/strong>&nbsp;LT. LV, EE, BALT CH, MOMENTO ATTILA LSVK AS 0022\/08 ,Red Merle,LT<\/p>\n<p><strong>Mama:<\/strong>&nbsp;DAISY ZVAIGZDES VAIKAI LSVK AS 0057\/10 ,Black (RF)<\/p>\n<p><strong>Veis\u0117jas:<\/strong>&nbsp;Asta Babraitien\u0117, kennel \u201c\u017dvaig\u017ed\u0117s vaikai\u201d<\/p>\n<p><strong>Savinikas:<\/strong>&nbsp;Andrius Martinonis, kennel \u201cFlying aussie\u201d<\/p>\n<p><strong>Akys:<\/strong>&nbsp;Sveikos (2016-03-17)<\/p>\n<p><strong>Dantys:<\/strong>&nbsp;\u017dirklinis s\u0105kandis, i\u0161dyg\u0119 visi dantys<\/p>\n<p><strong>&nbsp;<\/strong><\/p>\n<p><strong>Klub\u0173 displazija:<\/strong>&nbsp;A\/A<\/p>\n<p><strong>Alk\u016bni\u0173 displazija:<\/strong>&nbsp;0\/0<\/p>\n<p><strong style=\"color: var( --e-global-color-text ); font-family: var( --e-global-typography-text-font-family ), Sans-serif; text-align: var(--text-align);\">HSF4:<\/strong><span style=\"color: var( --e-global-color-text ); font-family: var( --e-global-typography-text-font-family ), Sans-serif; font-weight: var( --e-global-typography-text-font-weight ); text-align: var(--text-align);\">&nbsp;+\/- (Ne\u0161iotojas) (Laboklin)<\/span><\/p>\n<p><strong>CEA:<\/strong>&nbsp;+\/+ (Sveikas) (Paw Print Genetics)<\/p>\n<p><strong>PRA:<\/strong>&nbsp;+\/+ (Sveikas) (Paw Print Genetics)<\/p>\n<p><strong>MDR1:<\/strong>&nbsp;+\/- (Ne\u0161iotojas) (Laboklin)<\/p>\n<p><strong>DM: &nbsp;<\/strong>+\/- (Ne\u0161iotojas) (Paw Print Genetics)<\/p>\n<p><strong>DM:<\/strong>+\/- (Ne\u0161iotojas) (Paw Print Genetics)<\/p>\t\t\t\t\t\t<\/div>\n\t\t\t\t<\/div>\n\t\t\t\t<\/div>\n\t\t<div class=\"elementor-element elementor-element-77885be e-con-full e-flex e-con e-child\" data-id=\"77885be\" data-element_type=\"container\" data-settings=\"{&quot;content_width&quot;:&quot;full&quot;}\">\n\t\t\t\t<div class=\"elementor-element elementor-element-fcac66f elementor-widget elementor-widget-image\" data-id=\"fcac66f\" data-element_type=\"widget\" data-widget_type=\"image.default\">\n\t\t\t\t<div class=\"elementor-widget-container\">\n\t\t\t<style>\/*! elementor - v3.19.0 - 07-02-2024 *\/\n.elementor-widget-image{text-align:center}.elementor-widget-image a{display:inline-block}.elementor-widget-image a img[src$=\".svg\"]{width:48px}.elementor-widget-image img{vertical-align:middle;display:inline-block}<\/style>\t\t\t\t\t\t\t\t\t\t<img fetchpriority=\"high\" decoding=\"async\" width=\"1024\" height=\"684\" src=\"https:\/\/skraidanciosausytes.lt\/wp-content\/uploads\/2024\/01\/43828785_2052580518386985_8453064176233873408_n-1024x684.jpg\" class=\"attachment-large size-large wp-image-9965\" alt=\"\" srcset=\"https:\/\/skraidanciosausytes.lt\/wp-content\/uploads\/2024\/01\/43828785_2052580518386985_8453064176233873408_n-1024x684.jpg 1024w, https:\/\/skraidanciosausytes.lt\/wp-content\/uploads\/2024\/01\/43828785_2052580518386985_8453064176233873408_n-300x200.jpg 300w, https:\/\/skraidanciosausytes.lt\/wp-content\/uploads\/2024\/01\/43828785_2052580518386985_8453064176233873408_n-768x513.jpg 768w, https:\/\/skraidanciosausytes.lt\/wp-content\/uploads\/2024\/01\/43828785_2052580518386985_8453064176233873408_n-1536x1025.jpg 1536w, https:\/\/skraidanciosausytes.lt\/wp-content\/uploads\/2024\/01\/43828785_2052580518386985_8453064176233873408_n-600x400.jpg 600w, https:\/\/skraidanciosausytes.lt\/wp-content\/uploads\/2024\/01\/43828785_2052580518386985_8453064176233873408_n.jpg 2048w\" sizes=\"(max-width: 1024px) 100vw, 1024px\" \/>\t\t\t\t\t\t\t\t\t\t\t\t\t<\/div>\n\t\t\t\t<\/div>\n\t\t\t\t<\/div>\n\t\t\t\t\t<\/div>\n\t\t\t\t<\/div>\n\t\t<div class=\"elementor-element elementor-element-04a4465 e-flex e-con-boxed e-con e-parent\" data-id=\"04a4465\" data-element_type=\"container\" data-settings=\"{&quot;content_width&quot;:&quot;boxed&quot;}\" data-core-v316-plus=\"true\">\n\t\t\t\t\t<div class=\"e-con-inner\">\n\t\t\t\t<div class=\"elementor-element elementor-element-ee2e8f1 elementor-widget elementor-widget-heading\" data-id=\"ee2e8f1\" data-element_type=\"widget\" data-widget_type=\"heading.default\">\n\t\t\t\t<div class=\"elementor-widget-container\">\n\t\t\t<h2 class=\"elementor-heading-title elementor-size-default\">Apie Kub\u0105<\/h2>\t\t<\/div>\n\t\t\t\t<\/div>\n\t\t\t\t\t<\/div>\n\t\t\t\t<\/div>\n\t\t<div class=\"elementor-element elementor-element-440d6fa e-flex e-con-boxed e-con e-parent\" data-id=\"440d6fa\" data-element_type=\"container\" data-settings=\"{&quot;content_width&quot;:&quot;boxed&quot;}\" data-core-v316-plus=\"true\">\n\t\t\t\t\t<div class=\"e-con-inner\">\n\t\t<div class=\"elementor-element elementor-element-331ebbe e-con-full e-flex e-con e-child\" data-id=\"331ebbe\" data-element_type=\"container\" data-settings=\"{&quot;content_width&quot;:&quot;full&quot;}\">\n\t\t\t\t<div class=\"elementor-element elementor-element-3d62bef elementor-widget elementor-widget-text-editor\" data-id=\"3d62bef\" data-element_type=\"widget\" data-widget_type=\"text-editor.default\">\n\t\t\t\t<div class=\"elementor-widget-container\">\n\t\t\t\t\t\t\t<p><a href=\"https:\/\/web.archive.org\/web\/20220525090213\/https:\/\/skraidanciosausytes.lt\/sunys\/indy\/#1522087155298-27a1b1c9-32a8\" target=\"_blank\" rel=\"noopener\">Titulai<\/a><\/p><p>LIETUVOS JAUNIMO \u010cEMPIONAS<\/p><p>LATVIJOS JAUNIMO \u010cEMPIONAS<\/p><p>LIETUVOS \u010cEMPIJONAS<\/p><p>BALTARUSIJOS \u010cEMPIONAS<\/p><p>LATVIJOS \u010cEMPIONAS<\/p><p>ESTIJOS \u010cEMPIONAS<\/p><p>BALTIJOS \u010cEMPIONAS<\/p><p>I\u0161laikytas ganymo instinkto testas (FCI NHAT)<\/p>\t\t\t\t\t\t<\/div>\n\t\t\t\t<\/div>\n\t\t\t\t<\/div>\n\t\t<div class=\"elementor-element elementor-element-a1901fa e-con-full e-flex e-con e-child\" data-id=\"a1901fa\" data-element_type=\"container\" data-settings=\"{&quot;content_width&quot;:&quot;full&quot;}\">\n\t\t\t\t<div class=\"elementor-element elementor-element-2bbbc3b elementor-widget elementor-widget-image\" data-id=\"2bbbc3b\" data-element_type=\"widget\" data-widget_type=\"image.default\">\n\t\t\t\t<div class=\"elementor-widget-container\">\n\t\t\t\t\t\t\t\t\t\t\t\t\t<img decoding=\"async\" width=\"1536\" height=\"1026\" src=\"https:\/\/skraidanciosausytes.lt\/wp-content\/uploads\/2024\/01\/DSC06387-1536x1026.jpg\" class=\"attachment-1536x1536 size-1536x1536 wp-image-9374\" alt=\"\" srcset=\"https:\/\/skraidanciosausytes.lt\/wp-content\/uploads\/2024\/01\/DSC06387-1536x1026.jpg 1536w, https:\/\/skraidanciosausytes.lt\/wp-content\/uploads\/2024\/01\/DSC06387-300x200.jpg 300w, https:\/\/skraidanciosausytes.lt\/wp-content\/uploads\/2024\/01\/DSC06387-1024x684.jpg 1024w, https:\/\/skraidanciosausytes.lt\/wp-content\/uploads\/2024\/01\/DSC06387-768x513.jpg 768w, https:\/\/skraidanciosausytes.lt\/wp-content\/uploads\/2024\/01\/DSC06387-2048x1368.jpg 2048w\" sizes=\"(max-width: 1536px) 100vw, 1536px\" \/>\t\t\t\t\t\t\t\t\t\t\t\t\t<\/div>\n\t\t\t\t<\/div>\n\t\t\t\t<\/div>\n\t\t\t\t\t<\/div>\n\t\t\t\t<\/div>\n\t\t\t\t<\/div>\n\t\t","protected":false},"excerpt":{"rendered":"<p>Austral\u0173 avigan\u0117 KUBA Gimimo data:&nbsp;2014-03-15 Spalva:&nbsp;M\u0117lyno marmuro Registracijos numeris:&nbsp;L\u0160VK 0153\/14 T\u0117vas:&nbsp;LT. LV, EE, BALT CH, MOMENTO ATTILA LSVK AS 0022\/08 ,Red Merle,LT Mama:&nbsp;DAISY ZVAIGZDES VAIKAI LSVK AS 0057\/10 ,Black (RF) Veis\u0117jas:&nbsp;Asta Babraitien\u0117, kennel \u201c\u017dvaig\u017ed\u0117s vaikai\u201d Savinikas:&nbsp;Andrius Martinonis, kennel \u201cFlying aussie\u201d Akys:&nbsp;Sveikos (2016-03-17) Dantys:&nbsp;\u017dirklinis s\u0105kandis, i\u0161dyg\u0119 visi dantys &nbsp; Klub\u0173 displazija:&nbsp;A\/A Alk\u016bni\u0173 displazija:&nbsp;0\/0 HSF4:&nbsp;+\/- (Ne\u0161iotojas) (Laboklin) [&hellip;]<\/p>\n","protected":false},"author":1,"featured_media":0,"parent":3118,"menu_order":0,"comment_status":"closed","ping_status":"closed","template":"page-full-width.php","meta":{"footnotes":""},"class_list":["post-8747","page","type-page","status-publish","hentry"],"yoast_head":"<!-- This site is optimized with the Yoast SEO plugin v27.4 - https:\/\/yoast.com\/product\/yoast-seo-wordpress\/ -->\n<title>Austral\u0173 avigan\u0117 KUBA\u200b<\/title>\n<meta name=\"description\" content=\"Kuba yra pirmasis m\u016bs\u0173 \u0161uo. Kuba aplank\u0117 daugiau nei 150 parod\u0173, pasi\u017eymi puikiu ganymo instinktu ir yra \u0161uo nuolat tikrinantis ribas.\" \/>\n<meta name=\"robots\" content=\"index, follow, max-snippet:-1, max-image-preview:large, max-video-preview:-1\" \/>\n<link rel=\"canonical\" href=\"https:\/\/skraidanciosausytes.lt\/index.php\/musu-sunys\/kuba\/\" \/>\n<meta property=\"og:locale\" content=\"lt_LT\" \/>\n<meta property=\"og:type\" content=\"article\" \/>\n<meta property=\"og:title\" content=\"Austral\u0173 avigan\u0117 KUBA\u200b\" \/>\n<meta property=\"og:description\" content=\"Kuba yra pirmasis m\u016bs\u0173 \u0161uo. Kuba aplank\u0117 daugiau nei 150 parod\u0173, pasi\u017eymi puikiu ganymo instinktu ir yra \u0161uo nuolat tikrinantis ribas.\" \/>\n<meta property=\"og:url\" content=\"https:\/\/skraidanciosausytes.lt\/index.php\/musu-sunys\/kuba\/\" \/>\n<meta property=\"og:site_name\" content=\"Skraidan\u010dios Ausyt\u0117s\" \/>\n<meta property=\"article:publisher\" content=\"https:\/\/www.facebook.com\/FlyingAussie\" \/>\n<meta property=\"article:modified_time\" content=\"2024-08-21T09:09:35+00:00\" \/>\n<meta property=\"og:image\" content=\"https:\/\/skraidanciosausytes.lt\/wp-content\/uploads\/2024\/01\/43828785_2052580518386985_8453064176233873408_n-1024x684.jpg\" \/>\n<meta name=\"twitter:card\" content=\"summary_large_image\" \/>\n<meta name=\"twitter:label1\" content=\"Est. reading time\" \/>\n\t<meta name=\"twitter:data1\" content=\"2 minut\u0117s\" \/>\n<script type=\"application\/ld+json\" class=\"yoast-schema-graph\">{\"@context\":\"https:\\\/\\\/schema.org\",\"@graph\":[{\"@type\":\"WebPage\",\"@id\":\"https:\\\/\\\/skraidanciosausytes.lt\\\/index.php\\\/musu-sunys\\\/kuba\\\/\",\"url\":\"https:\\\/\\\/skraidanciosausytes.lt\\\/index.php\\\/musu-sunys\\\/kuba\\\/\",\"name\":\"Austral\u0173 avigan\u0117 KUBA\u200b\",\"isPartOf\":{\"@id\":\"https:\\\/\\\/skraidanciosausytes.lt\\\/#website\"},\"primaryImageOfPage\":{\"@id\":\"https:\\\/\\\/skraidanciosausytes.lt\\\/index.php\\\/musu-sunys\\\/kuba\\\/#primaryimage\"},\"image\":{\"@id\":\"https:\\\/\\\/skraidanciosausytes.lt\\\/index.php\\\/musu-sunys\\\/kuba\\\/#primaryimage\"},\"thumbnailUrl\":\"https:\\\/\\\/skraidanciosausytes.lt\\\/wp-content\\\/uploads\\\/2024\\\/01\\\/43828785_2052580518386985_8453064176233873408_n-1024x684.jpg\",\"datePublished\":\"2023-05-29T08:08:48+00:00\",\"dateModified\":\"2024-08-21T09:09:35+00:00\",\"description\":\"Kuba yra pirmasis m\u016bs\u0173 \u0161uo. Kuba aplank\u0117 daugiau nei 150 parod\u0173, pasi\u017eymi puikiu ganymo instinktu ir yra \u0161uo nuolat tikrinantis ribas.\",\"breadcrumb\":{\"@id\":\"https:\\\/\\\/skraidanciosausytes.lt\\\/index.php\\\/musu-sunys\\\/kuba\\\/#breadcrumb\"},\"inLanguage\":\"lt-LT\",\"potentialAction\":[{\"@type\":\"ReadAction\",\"target\":[\"https:\\\/\\\/skraidanciosausytes.lt\\\/index.php\\\/musu-sunys\\\/kuba\\\/\"]}]},{\"@type\":\"ImageObject\",\"inLanguage\":\"lt-LT\",\"@id\":\"https:\\\/\\\/skraidanciosausytes.lt\\\/index.php\\\/musu-sunys\\\/kuba\\\/#primaryimage\",\"url\":\"https:\\\/\\\/skraidanciosausytes.lt\\\/wp-content\\\/uploads\\\/2024\\\/01\\\/43828785_2052580518386985_8453064176233873408_n.jpg\",\"contentUrl\":\"https:\\\/\\\/skraidanciosausytes.lt\\\/wp-content\\\/uploads\\\/2024\\\/01\\\/43828785_2052580518386985_8453064176233873408_n.jpg\",\"width\":2048,\"height\":1367},{\"@type\":\"BreadcrumbList\",\"@id\":\"https:\\\/\\\/skraidanciosausytes.lt\\\/index.php\\\/musu-sunys\\\/kuba\\\/#breadcrumb\",\"itemListElement\":[{\"@type\":\"ListItem\",\"position\":1,\"name\":\"Home\",\"item\":\"https:\\\/\\\/skraidanciosausytes.lt\\\/\"},{\"@type\":\"ListItem\",\"position\":2,\"name\":\"M\u016bs\u0173 \u0161unys\",\"item\":\"https:\\\/\\\/skraidanciosausytes.lt\\\/index.php\\\/musu-sunys\\\/\"},{\"@type\":\"ListItem\",\"position\":3,\"name\":\"Austral\u0173 avigan\u0117 KUBA\u200b\"}]},{\"@type\":\"WebSite\",\"@id\":\"https:\\\/\\\/skraidanciosausytes.lt\\\/#website\",\"url\":\"https:\\\/\\\/skraidanciosausytes.lt\\\/\",\"name\":\"Flying Aussies\",\"description\":\"Austral\u0173 Avingani\u0173 veislynas\",\"publisher\":{\"@id\":\"https:\\\/\\\/skraidanciosausytes.lt\\\/#organization\"},\"alternateName\":\"Skraidancios Ausytes\",\"potentialAction\":[{\"@type\":\"SearchAction\",\"target\":{\"@type\":\"EntryPoint\",\"urlTemplate\":\"https:\\\/\\\/skraidanciosausytes.lt\\\/?s={search_term_string}\"},\"query-input\":{\"@type\":\"PropertyValueSpecification\",\"valueRequired\":true,\"valueName\":\"search_term_string\"}}],\"inLanguage\":\"lt-LT\"},{\"@type\":\"Organization\",\"@id\":\"https:\\\/\\\/skraidanciosausytes.lt\\\/#organization\",\"name\":\"Flying Aussies kennel\",\"alternateName\":\"Skraidan\u010dios Ausyt\u0117s\",\"url\":\"https:\\\/\\\/skraidanciosausytes.lt\\\/\",\"logo\":{\"@type\":\"ImageObject\",\"inLanguage\":\"lt-LT\",\"@id\":\"https:\\\/\\\/skraidanciosausytes.lt\\\/#\\\/schema\\\/logo\\\/image\\\/\",\"url\":\"https:\\\/\\\/skraidanciosausytes.lt\\\/wp-content\\\/uploads\\\/2024\\\/01\\\/FLYING-AUSSIE-KENNEL_COLOR_FIN-1-e1704563292101.png\",\"contentUrl\":\"https:\\\/\\\/skraidanciosausytes.lt\\\/wp-content\\\/uploads\\\/2024\\\/01\\\/FLYING-AUSSIE-KENNEL_COLOR_FIN-1-e1704563292101.png\",\"width\":150,\"height\":150,\"caption\":\"Flying Aussies kennel\"},\"image\":{\"@id\":\"https:\\\/\\\/skraidanciosausytes.lt\\\/#\\\/schema\\\/logo\\\/image\\\/\"},\"sameAs\":[\"https:\\\/\\\/www.facebook.com\\\/FlyingAussie\",\"https:\\\/\\\/www.instagram.com\\\/flying_aussie_kennel\\\/\"]}]}<\/script>\n<!-- \/ Yoast SEO plugin. -->","yoast_head_json":{"title":"Austral\u0173 avigan\u0117 KUBA\u200b","description":"Kuba yra pirmasis m\u016bs\u0173 \u0161uo. Kuba aplank\u0117 daugiau nei 150 parod\u0173, pasi\u017eymi puikiu ganymo instinktu ir yra \u0161uo nuolat tikrinantis ribas.","robots":{"index":"index","follow":"follow","max-snippet":"max-snippet:-1","max-image-preview":"max-image-preview:large","max-video-preview":"max-video-preview:-1"},"canonical":"https:\/\/skraidanciosausytes.lt\/index.php\/musu-sunys\/kuba\/","og_locale":"lt_LT","og_type":"article","og_title":"Austral\u0173 avigan\u0117 KUBA\u200b","og_description":"Kuba yra pirmasis m\u016bs\u0173 \u0161uo. Kuba aplank\u0117 daugiau nei 150 parod\u0173, pasi\u017eymi puikiu ganymo instinktu ir yra \u0161uo nuolat tikrinantis ribas.","og_url":"https:\/\/skraidanciosausytes.lt\/index.php\/musu-sunys\/kuba\/","og_site_name":"Skraidan\u010dios Ausyt\u0117s","article_publisher":"https:\/\/www.facebook.com\/FlyingAussie","article_modified_time":"2024-08-21T09:09:35+00:00","og_image":[{"url":"https:\/\/skraidanciosausytes.lt\/wp-content\/uploads\/2024\/01\/43828785_2052580518386985_8453064176233873408_n-1024x684.jpg","type":"","width":"","height":""}],"twitter_card":"summary_large_image","twitter_misc":{"Est. reading time":"2 minut\u0117s"},"schema":{"@context":"https:\/\/schema.org","@graph":[{"@type":"WebPage","@id":"https:\/\/skraidanciosausytes.lt\/index.php\/musu-sunys\/kuba\/","url":"https:\/\/skraidanciosausytes.lt\/index.php\/musu-sunys\/kuba\/","name":"Austral\u0173 avigan\u0117 KUBA\u200b","isPartOf":{"@id":"https:\/\/skraidanciosausytes.lt\/#website"},"primaryImageOfPage":{"@id":"https:\/\/skraidanciosausytes.lt\/index.php\/musu-sunys\/kuba\/#primaryimage"},"image":{"@id":"https:\/\/skraidanciosausytes.lt\/index.php\/musu-sunys\/kuba\/#primaryimage"},"thumbnailUrl":"https:\/\/skraidanciosausytes.lt\/wp-content\/uploads\/2024\/01\/43828785_2052580518386985_8453064176233873408_n-1024x684.jpg","datePublished":"2023-05-29T08:08:48+00:00","dateModified":"2024-08-21T09:09:35+00:00","description":"Kuba yra pirmasis m\u016bs\u0173 \u0161uo. Kuba aplank\u0117 daugiau nei 150 parod\u0173, pasi\u017eymi puikiu ganymo instinktu ir yra \u0161uo nuolat tikrinantis ribas.","breadcrumb":{"@id":"https:\/\/skraidanciosausytes.lt\/index.php\/musu-sunys\/kuba\/#breadcrumb"},"inLanguage":"lt-LT","potentialAction":[{"@type":"ReadAction","target":["https:\/\/skraidanciosausytes.lt\/index.php\/musu-sunys\/kuba\/"]}]},{"@type":"ImageObject","inLanguage":"lt-LT","@id":"https:\/\/skraidanciosausytes.lt\/index.php\/musu-sunys\/kuba\/#primaryimage","url":"https:\/\/skraidanciosausytes.lt\/wp-content\/uploads\/2024\/01\/43828785_2052580518386985_8453064176233873408_n.jpg","contentUrl":"https:\/\/skraidanciosausytes.lt\/wp-content\/uploads\/2024\/01\/43828785_2052580518386985_8453064176233873408_n.jpg","width":2048,"height":1367},{"@type":"BreadcrumbList","@id":"https:\/\/skraidanciosausytes.lt\/index.php\/musu-sunys\/kuba\/#breadcrumb","itemListElement":[{"@type":"ListItem","position":1,"name":"Home","item":"https:\/\/skraidanciosausytes.lt\/"},{"@type":"ListItem","position":2,"name":"M\u016bs\u0173 \u0161unys","item":"https:\/\/skraidanciosausytes.lt\/index.php\/musu-sunys\/"},{"@type":"ListItem","position":3,"name":"Austral\u0173 avigan\u0117 KUBA\u200b"}]},{"@type":"WebSite","@id":"https:\/\/skraidanciosausytes.lt\/#website","url":"https:\/\/skraidanciosausytes.lt\/","name":"Flying Aussies","description":"Austral\u0173 Avingani\u0173 veislynas","publisher":{"@id":"https:\/\/skraidanciosausytes.lt\/#organization"},"alternateName":"Skraidancios Ausytes","potentialAction":[{"@type":"SearchAction","target":{"@type":"EntryPoint","urlTemplate":"https:\/\/skraidanciosausytes.lt\/?s={search_term_string}"},"query-input":{"@type":"PropertyValueSpecification","valueRequired":true,"valueName":"search_term_string"}}],"inLanguage":"lt-LT"},{"@type":"Organization","@id":"https:\/\/skraidanciosausytes.lt\/#organization","name":"Flying Aussies kennel","alternateName":"Skraidan\u010dios Ausyt\u0117s","url":"https:\/\/skraidanciosausytes.lt\/","logo":{"@type":"ImageObject","inLanguage":"lt-LT","@id":"https:\/\/skraidanciosausytes.lt\/#\/schema\/logo\/image\/","url":"https:\/\/skraidanciosausytes.lt\/wp-content\/uploads\/2024\/01\/FLYING-AUSSIE-KENNEL_COLOR_FIN-1-e1704563292101.png","contentUrl":"https:\/\/skraidanciosausytes.lt\/wp-content\/uploads\/2024\/01\/FLYING-AUSSIE-KENNEL_COLOR_FIN-1-e1704563292101.png","width":150,"height":150,"caption":"Flying Aussies kennel"},"image":{"@id":"https:\/\/skraidanciosausytes.lt\/#\/schema\/logo\/image\/"},"sameAs":["https:\/\/www.facebook.com\/FlyingAussie","https:\/\/www.instagram.com\/flying_aussie_kennel\/"]}]}},"_links":{"self":[{"href":"https:\/\/skraidanciosausytes.lt\/index.php\/wp-json\/wp\/v2\/pages\/8747","targetHints":{"allow":["GET"]}}],"collection":[{"href":"https:\/\/skraidanciosausytes.lt\/index.php\/wp-json\/wp\/v2\/pages"}],"about":[{"href":"https:\/\/skraidanciosausytes.lt\/index.php\/wp-json\/wp\/v2\/types\/page"}],"author":[{"embeddable":true,"href":"https:\/\/skraidanciosausytes.lt\/index.php\/wp-json\/wp\/v2\/users\/1"}],"replies":[{"embeddable":true,"href":"https:\/\/skraidanciosausytes.lt\/index.php\/wp-json\/wp\/v2\/comments?post=8747"}],"version-history":[{"count":68,"href":"https:\/\/skraidanciosausytes.lt\/index.php\/wp-json\/wp\/v2\/pages\/8747\/revisions"}],"predecessor-version":[{"id":11188,"href":"https:\/\/skraidanciosausytes.lt\/index.php\/wp-json\/wp\/v2\/pages\/8747\/revisions\/11188"}],"up":[{"embeddable":true,"href":"https:\/\/skraidanciosausytes.lt\/index.php\/wp-json\/wp\/v2\/pages\/3118"}],"wp:attachment":[{"href":"https:\/\/skraidanciosausytes.lt\/index.php\/wp-json\/wp\/v2\/media?parent=8747"}],"curies":[{"name":"wp","href":"https:\/\/api.w.org\/{rel}","templated":true}]}}